en (-15)/2*8/(-3) is divided by 6?
2
Suppose -33*j = -36*j + 30. What is the remainder when 14 is divided by j?
4
Let b(x) = -2*x**2 - 19*x - 16. What is the remainder when 28 is divided by b(-8)?
4
Suppose -5*w = s - 0*w - 224, 5*s - 1141 = -4*w. Suppose 5*y = 4*f - 179, 2*f = -2*f - 5*y + s. What is the remainder when f is divided by (-2 - 0)/((-4)/26)?
12
Calculate the remainder when 3*((-13)/(-1) + 0/2) is divided by 3.
0
Let r(g) = 15*g + 1. Let m be r(-1). Let a = m + 42. What is the remainder when 55 is divided by a?
27
Suppose -17 = 4*d + 51. What is the remainder when 2*(d - -2)/(-3) is divided by 4?
2
Suppose 3*w + 62 = t + 4*t, 0 = -t - 5*w + 18. What is the remainder when (-4)/10 - (-244)/10 is divided by t?
11
What is the remainder when -2*((-94)/6)/((-2)/(-3)) is divided by 12?
11
Suppose 0*l - 2*l + 14 = 0. What is the remainder when 15 is divided by l?
1
Suppose -5 = -0*x - 3*x + y, -x + 4*y + 9 = 0. Let n(c) = 40*c**2 - c + 1. Calculate the remainder when n(x) is divided by 14.
12
Let i(v) = v**2 - 3*v - 12. Let x be i(6). Suppose 5*p + 5*b = 5, 0*b + 2*b = -x. What is the remainder when 13 is divided by p?
1
Suppose -2*x + 40 = l, 2*l = -5*x + 4 + 95. Calculate the remainder when 70 is divided by x.
13
Suppose 5*z - z = -5*x + 74, 5*x - 4*z - 106 = 0. Let q = 4 + 1. What is the remainder when x is divided by q?
3
Let f(o) = o**2 - 2*o - 7. Let x = 45 - 30. Calculate the remainder when f(7) is divided by x.
13
Suppose a = -0*a + 3. Suppose -5*c - 3*j = -1 - 85, -58 = -4*c + a*j. Calculate the remainder when (-7 - -1)/(10/(-50)) is divided by c.
14
Let p be (-4)/6 + (-39)/9. Suppose 6*q + 20 = w + 3*q, -150 = -4*w - 2*q. What is the remainder when w is divided by (p + 23)/(3/2)?
11
Let z = -21 - -33. Calculate the remainder when 21 is divided by z.
9
Suppose -3*l = -106 + 4. Let p = -19 - -5. What is the remainder when l is divided by (-172)/p + (-8)/28?
10
Let n(h) = 2*h**2 + 3*h. Let d = -48 - -52. Calculate the remainder when d is divided by n(-2).
0
Let a(j) = -j**3 - 5*j**2 - 3*j + 5. Let b be a(-4). Calculate the remainder when 14 is divided by -3 + b + 102/17.
2
Suppose 0 = -2*k + 3*k - 94. Calculate the remainder when k is divided by 24/(-300) + 1204/50.
22
Let x(w) = -w**2 + w + 10. Let d be x(0). Let c(g) = g + 1. What is the remainder when 43 is divided by c(d)?
10
Suppose -5*x + 467 = -383. Calculate the remainder when x is divided by 44.
38
Let g(c) = -c**2 + 10*c + 11. Calculate the remainder when 15 is divided by g(10).
4
Let m = 9 + 1. Let o(k) = 19*k**2 - 1. What is the remainder when o(-1) is divided by m?
8
Let d(k) = -7*k. Let n be d(2). Let h = n - -24. What is the remainder when 26/(6/(-9)*-1) is divided by h?
9
Let b(r) = 22*r**3 + 2*r**2 - 1. What is the remainder when 89 is divided by b(1)?
20
Let k(m) = 13*m**3 - m**2 - 2*m - 1. Let l(q) = q**2 - 10*q - 32. What is the remainder when k(2) is divided by l(14)?
23
Let o be 3/(-3)*(0 - 1). Suppose 2*w - 3*w - o = 0, 0 = x - 2*w - 31. What is the remainder when x is divided by 6?
5
Let p = -12 + 6. Let t = -9 + 62. Calculate the remainder when t is divided by p/4*(-5 + -7).
17
Let p(n) = -n**3 - 8*n**2 - 9*n - 4. What is the remainder when 28 is divided by p(-7)?
8
Let r(x) = x - 1. Let o be r(0). Calculate the remainder when 5 is divided by (-6)/(-10)*(4 - o).
2
Let j = -22 - -2. Suppose -15 = 3*g - 99. Let a = j + g. What is the remainder when 13 is divided by a?
5
Suppose 0 = -5*k - 10, 0 = -5*h - 3*k + 6 + 13. Calculate the remainder when 38 is divided by h.
3
Let a = 71 + -59. Calculate the remainder when 105 is divided by a.
9
Suppose 2*d + 5*l = 6*d - 45, -4*l - 10 = 2*d. Let u = 2 - -3. Suppose 0 = -d*j + u*y + 5, -4*j - 7*y + 3*y = -28. What is the remainder when 6 is divided by j?
2
Let m = -27 + 53. Calculate the remainder when m is divided by 14.
12
Let z = -3 - -7. Calculate the remainder when -2 + (-13)/(-1)*z is divided by 17.
16
What is the remainder when (-118)/(-2) - (0 + 0) is divided by 15?
14
Let g = 23 - 10. Let i = 1 + -1. Suppose -4*r + o + 149 = 0, i*o + 123 = 3*r - 3*o. What is the remainder when r is divided by g?
10
Let b(n) = n**3 - 2*n + 20. What is the remainder when 32 is divided by b(0)?
12
Let n(z) = -z**3 + 6*z**2 + 8*z - 9. Let p be n(7). What is the remainder when p/6 + (-62)/(-6) is divided by 3?
1
Suppose 5*v - 39 = 2*v. What is the remainder when v is divided by 9?
4
Let z = -26 - -165. Calculate the remainder when z is divided by 35.
34
Let t = 43 + -24. What is the remainder when 73 is divided by t?
16
Suppose 5 + 91 = 3*i. Let x = i - 21. What is the remainder when 32 is divided by x?
10
Let l(r) = 9*r. Let w = 0 + -1. Let m be l(w). Calculate the remainder when (21/m)/((-2)/12) is divided by 4.
2
Suppose -2*i + 2*p + 2 = i, 0 = 2*i - 3*p - 3. Suppose 2*j - 3*l - 126 = i, 2*j + 0*j = 5*l + 118. Calculate the remainder when j is divided by 18.
15
Suppose 0 = 2*n - 2*b - 8, 3*n - b = 1 + 3. Suppose 0 = 4*p + w - 63, n = 5*p + 3*w - 0*w - 70. Calculate the remainder when 49 is divided by p.
15
Suppose -3*m + m = -4. Suppose -m*s + 2 = -6. Suppose -3*f + s = -f. What is the remainder when f is divided by 2?
0
Let s(r) = -r + 14. What is the remainder when 48 is divided by s(-12)?
22
Let s(v) = -2*v - 24. What is the remainder when 11 is divided by s(-14)?
3
Let l(m) = -m**3 + 4*m**2 + 8*m - 3. Let x(q) = -3*q**2 - q**2 - 5*q - 2 + 5*q**2 + 0*q. Calculate the remainder when x(8) is divided by l(5).
10
Let h(x) = -x - 13. Suppose -6 = p - 0. Let q be h(p). Let n = q + 17. Calculate the remainder when 19 is divided by n.
9
Let a = 17 + -12. Suppose -114 = -a*b - 24. Calculate the remainder when b is divided by 10.
8
Let v = 46 - 30. What is the remainder when 77 is divided by v?
13
Let u(s) = -s**2 - s + 1. Let w be u(5). Let n = -11 - w. Calculate the remainder when n is divided by 10.
8
Suppose -3*t = 3*i - 18, -t + 12 - 2 = 3*i. Suppose 0*s - 5*f - 25 = s, 0 = i*s + f + 5. Let b = s + 1. Calculate the remainder when b is divided by 1.
0
Suppose 4*x - 105 = 3*o + 29, -40 = -x + 4*o. Calculate the remainder when x is divided by 17.
15
Let q be 411/27 + 4/(-18). Let t be (212/6)/(10/q). Suppose -5*m + 87 = -t. Calculate the remainder when m is divided by 10.
8
Let o = 3 - 2. Let j be 2*(-71)/(-2)*o. Suppose -5*c - 3*s + j = 0, -5*c = s - 87 + 20. Calculate the remainder when 25 is divided by c.
12
Suppose 5*w - 2*d + 5*d - 50 = 0, 0 = -w + 2*d - 3. Let r = 27 + -15. What is the remainder when r is divided by w?
5
Calculate the remainder when 41 is divided by (0 - (-4 + 7))*-5.
11
Let t = -8 - -17. What is the remainder when 2/t - 1115/(-45) is divided by 13?
12
Suppose -61 - 139 = -5*k. Let i = -30 + 44. What is the remainder when k is divided by -1 + i + -1 + 2?
12
Let o(d) = 3*d**2 + 7 + d**2 - 3*d**2 + 5*d. What is the remainder when 66/4*(-4)/(-6) is divided by o(-5)?
4
Suppose -s + 1 + 0 = -v, 5*s + 2 = -2*v. Suppose -4*i + 0*n + n + 89 = s, 5*i - 3*n - 113 = 0. Calculate the remainder when i is divided by 6.
4
Suppose 6*t + 14 = 3*t - 2*k, 0 = 2*k - 4. Let z = -2 - t. What is the remainder when 61 is divided by (-96)/z*(-4)/6?
13
Suppose 22 = -0*t - 2*t. Let z = -4 - t. Calculate the remainder when z is divided by (-12)/(-2)*(-3)/(-6).
1
Suppose -2*i = -0*i - 70. What is the remainder when i is divided by (2/(-2))/(3/(-36))?
11
Let c be 0 + -2 + 1 - -6. Let x(v) = -v**3 + 4*v**2 + 4*v + 7. What is the remainder when 3 is divided by x(c)?
1
Suppose -2*v = 5*k - 2*k - 18, k - 6 = 5*v. What is the remainder when k is divided by 2?
0
Suppose -590 = -6*t - 4*t. What is the remainder when t is divided by 12?
11
Suppose -5*t + 3*w + 17 = 4*w, 4*w + 1 = 3*t. Let a = -5 + -3. Let b = a + 9. What is the remainder when t is divided by b?
0
Suppose -q = 3*b - 86, 0 = 2*b + 5*q - 36 - 43. Suppose 268 = 5*v - 62. Suppose 0 = -5*o + v + 4. What is the remainder when b is divided by o?
13
Let x(q) = q**3 - 6*q**2 + 5*q + 1. Suppose -2*g = -2*p + 16, p + 5*g - 8 = -0*g. What is the remainder when x(6) is divided by p?
7
Suppose -4*l = 4*i, -2*l - 2*l + 12 = 0. Let c(a) = a**3 + 8*a**2 + 6*a - 8. Let n be c(-7). Calculate the remainder when 34 is divided by i*4/1*n.
10
Suppose -2*p - x - x + 84 = 0, 4*p + 5*x - 169 = 0. Calcula